{"id":105,"date":"2021-03-05T07:35:18","date_gmt":"2021-03-05T07:35:18","guid":{"rendered":"http:\/\/laczna2.opslaczna.pl\/?page_id=105"},"modified":"2021-03-05T11:34:23","modified_gmt":"2021-03-05T11:34:23","slug":"deklaracja-dostepnosci","status":"publish","type":"page","link":"https:\/\/opslaczna.pl\/?page_id=105","title":{"rendered":"Deklaracja dost\u0119pno\u015bci"},"content":{"rendered":"\t\t<div data-elementor-type=\"wp-page\" data-elementor-id=\"105\" class=\"elementor elementor-105\">\n\t\t\t\t\t\t<section class=\"elementor-section elementor-top-section elementor-element elementor-element-40c544a3 elementor-section-boxed elementor-section-height-default elementor-section-height-default\" data-id=\"40c544a3\" data-element_type=\"section\">\n\t\t\t\t\t\t<div class=\"elementor-container elementor-column-gap-default\">\n\t\t\t\t\t<div class=\"elementor-column elementor-col-100 elementor-top-column elementor-element elementor-element-4d63e924\" data-id=\"4d63e924\" data-element_type=\"column\">\n\t\t\t<div class=\"elementor-widget-wrap elementor-element-populated\">\n\t\t\t\t\t\t<div class=\"elementor-element elementor-element-2b1becd6 elementor-widget elementor-widget-text-editor\" data-id=\"2b1becd6\" data-element_type=\"widget\" data-widget_type=\"text-editor.default\">\n\t\t\t\t<div class=\"elementor-widget-container\">\n\t\t\t\t\t\t\t\t\t\n<p><strong>Deklaracja dost\u0119pno\u015bci cyfrowej<\/strong><\/p>\n\n\n\n<p><em>Sekcja 1 za\u0142\u0105cznika do decyzji wykonawczej 2018\/1523<\/em><\/p>\n\n\n\n<p><strong>I O\u015bwiadczenie w sprawie dost\u0119pno\u015bci<\/strong><\/p>\n\n\n\n<p>Gminny O\u015brodek Pomocy Spo\u0142ecznej w \u0141\u0105cznej ul. Kamionki 60 zobowi\u0105zuje si\u0119 zapewni\u0107 dost\u0119pno\u015b\u0107 strony internetowej zgodnie z ustaw\u0105 z dnia 4 kwietnia 2019 r. o dost\u0119pno\u015bci cyfrowej stron internetowych i aplikacji mobilnych podmiot\u00f3w publicznych.<\/p>\n\n\n\n<p>Niniejsze o\u015bwiadczenie w sprawie dost\u0119pno\u015bci ma zastosowanie do strony internetowej www.opslaczna.pl<\/p>\n\n\n\n<p><strong>Data publikacji strony internetowej: 15.01.2021 r.<\/strong><\/p>\n\n\n\n<p><strong>Data ostatniej istotnej aktualizacji<\/strong> <em>(dokonanie zmiany jej zawarto\u015bci, polegaj\u0105cej<br>w szczeg\u00f3lno\u015bci na zmianie wygl\u0105du lub struktury prezentowanych informacji lub zmianie sposobu publikowania informacji):<\/em>&nbsp;<strong>15.01.2021 r.<\/strong><\/p>\n\n\n\n<p><strong>II Status pod wzgl\u0119dem zgodno\u015bci<\/strong><\/p>\n\n\n\n<p>Strona internetowa jest <strong>cz\u0119\u015bciowo zgodna<\/strong> z ustaw\u0105 z dnia 4 kwietnia 2019 r. o dost\u0119pno\u015bci cyfrowej stron internetowych i aplikacji mobilnych podmiot\u00f3w publicznych z powodu <strong><u>niezgodno\u015bci lub wy\u0142\u0105cze\u0144 wymienionych poni\u017cej.<\/u><\/strong><\/p>\n\n\n\n<p><strong><u>III Tre\u015bci niedost\u0119pne:<\/u><\/strong><\/p>\n\n\n\n<p><strong>Tre\u015bci wymienione poni\u017cej s\u0105 niedost\u0119pne z nast\u0119puj\u0105cych powod\u00f3w:<\/strong><\/p>\n\n\n\n<p>\u2013 cz\u0119\u015b\u0107 za\u0142\u0105cznik\u00f3w dokument\u00f3w to skany lub dokumenty w formie plik\u00f3w PDF, DOC itp., kt\u00f3re nie s\u0105 dost\u0119pne cyfrowo. Osoby odpowiedzialne za umieszczanie informacji na stronie internetowej staraj\u0105 si\u0119 ograniczy\u0107 do minimum korzystanie z takich plik\u00f3w i dodawa\u0107 teksty bezpo\u015brednio w serwisie.<\/p>\n\n\n\n<p>W miar\u0119 mo\u017cliwo\u015bci b\u0119dziemy poprawia\u0107 w\/w sytuacje, oraz dok\u0142ada\u0107 stara\u0144 by nowe dokumenty przygotowywane by\u0142y poprawnie.<\/p>\n\n\n\n<p><strong>O\u015bwiadczenie sporz\u0105dzono dnia: 15.01.2021 r.<\/strong><\/p>\n\n\n\n<p><strong>O\u015bwiadczenie zosta\u0142o ostatnio poddane przegl\u0105dowi w dniu<\/strong> <strong>15.01.2021 r.<\/strong><\/p>\n\n\n\n<p>Deklaracj\u0119 sporz\u0105dzono na podstawie samooceny przeprowadzonej przez Gminny O\u015brodek Pomocy Spo\u0142ecznej w \u0141\u0105cznej<strong>.<\/strong><\/p>\n\n\n\n<p><strong>Na w\/w stronie mo\u017cna korzysta\u0107 ze standardowych skr\u00f3t\u00f3w klawiszowych przegl\u0105darek.<\/strong><\/p>\n\n\n\n<p><strong><u>Dodatkowe informacje oraz spis skr\u00f3t\u00f3w klawiaturowych:<\/u><\/strong><\/p>\n\n\n\n<p>Strona Gminnego O\u015brodka Pomocy Spo\u0142ecznej w \u0141\u0105cznej zosta\u0142a zaprojektowana tak, aby jak najwi\u0119ksza liczba u\u017cytkownik\u00f3w mog\u0142a z niej swobodnie korzysta\u0107 u\u017cywaj\u0105c r\u00f3\u017cnych system\u00f3w operacyjnych i przegl\u0105darek internetowych.<\/p>\n\n\n\n<p>Dodatkowo na stronie dost\u0119pny jest <strong>pasek narz\u0119dzi dost\u0119pno\u015bci<\/strong> <strong>(lewy g\u00f3rny r\u00f3g)<\/strong> dzi\u0119ki kt\u00f3remu mo\u017cemy:<\/p>\n\n\n\n<p>\u2013 zwi\u0119kszy\u0107\/zmniejszy\u0107 tekst,<\/p>\n\n\n\n<p>\u2013 przekszta\u0142ci\u0107 stron\u0119 na skale odcieni szaro\u015bci,<\/p>\n\n\n\n<p>\u2013 zwi\u0119kszy\u0107 kontrast,<\/p>\n\n\n\n<p>\u2013 zmieni\u0107 w negatyw kontrast,<\/p>\n\n\n\n<p>\u2013 rozja\u015bni\u0107 t\u0142o,<\/p>\n\n\n\n<p>\u2013 podkre\u015bli\u0107 odno\u015bniki (hiper\u0142\u0105cza),<\/p>\n\n\n\n<p>\u2013 zwi\u0119kszy\u0107 czytelno\u015b\u0107 czcionki (powi\u0119kszenie bez zmiany struktury bazowej),<\/p>\n\n\n\n<p>\u2013 reset wprowadzonych zmian.<\/p>\n\n\n\n<p>Opr\u00f3cz myszki po witrynie mo\u017cna si\u0119 porusza\u0107 za pomoc\u0105 klawiatury. Klawisz \u201eTAB\u201d przesunie fokus do ka\u017cdej z opcji nawigacji lub link\u00f3w na ekranie. Kombinacja klawiszy Shift+TAB cofnie fokus na poprzedni element nawigacji. Naciskaj\u0105c ENTER nast\u0105pi przej\u015bcie do zaznaczonego odno\u015bnika. U\u017cywaj\u0105c strza\u0142ek \u201ew d\u00f3\u0142\u201d i \u201ew g\u00f3r\u0119\u201d mo\u017cna przewija\u0107 stron\u0119. Zdefiniowane skr\u00f3ty klawiaturowe:<\/p>\n\n\n\n<ol class=\"wp-block-list\" type=\"1\"><li>przejd\u017a do g\u0142\u00f3wnego menu<\/li><li>przejd\u017a do tre\u015bci<\/li><li>przejd\u017a do wyszukiwarki (za pomoc\u0105 klawisza lewy Ctrl + F)<\/li><li>przejd\u017a do menu dolnego&nbsp;&nbsp;&nbsp;&nbsp;&nbsp;<\/li><\/ol>\n\n\n\n<p><strong><u>IV Informacje zwrotne oraz dane kontaktowe<\/u><\/strong><\/p>\n\n\n\n<p>Gminny O\u015brodek Pomocy Spo\u0142ecznej w \u0141\u0105cznej dok\u0142ada wszelkich stara\u0144, aby dost\u0119pno\u015b\u0107 i u\u017cyteczno\u015b\u0107 strony internetowej <a href=\"http:\/\/www.opslaczna.pl\">www.opslaczna.pl<\/a> by\u0142a na poziomie WCAG 2.1.<\/p>\n\n\n\n<p>W przypadku wyst\u0119powania problem\u00f3w z dost\u0119pno\u015bci\u0105 strony internetowej prosimy o kontakt z Gminnym O\u015brodkiem Pomocy Spo\u0142ecznej w \u0141\u0105cznej, pod adresem: <a href=\"mailto:gopslaczna@hot.pl\">gopslaczna@hot.pl<\/a><\/p>\n\n\n\n<p>Kontaktowa\u0107 mo\u017cna si\u0119 r\u00f3wnie\u017c dzwoni\u0105c pod numer <strong>41 25 48 479<\/strong>.<\/p>\n\n\n\n<p><strong><u>V Post\u0119powanie odwo\u0142awcze<\/u><\/strong><\/p>\n\n\n\n<p><strong><u>T\u0105 sam\u0105 drog\u0105 mo\u017cna sk\u0142ada\u0107 wnioski o udost\u0119pnienie informacji niedost\u0119pnej oraz sk\u0142ada\u0107 skargi na brak zapewnienia dost\u0119pno\u015bci.<\/u><\/strong><\/p>\n\n\n\n<p>Ka\u017cdy ma prawo do wyst\u0105pienia z \u017c\u0105daniem zapewnienia dost\u0119pno\u015bci cyfrowej strony internetowej, aplikacji mobilnej lub jakiego\u015b ich elementu. Mo\u017cna tak\u017ce za\u017c\u0105da\u0107 udost\u0119pnienia informacji w formach alternatywnych, na przyk\u0142ad odczytanie niedost\u0119pnego cyfrowo dokumentu itp. <strong>\u017b\u0105danie powinno zawiera\u0107 dane osoby zg\u0142aszaj\u0105cej \u017c\u0105danie, wskazanie, o kt\u00f3r\u0105 stron\u0119 internetow\u0105 lub aplikacj\u0119 mobiln\u0105 chodzi oraz spos\u00f3b kontaktu. Je\u017celi osoba \u017c\u0105daj\u0105ca zg\u0142asza potrzeb\u0119 otrzymania informacji w formie alternatywnej, powinna tak\u017ce okre\u015bli\u0107 form\u0119 tej informacji.<\/strong><\/p>\n\n\n\n<p>Podmiot publiczny powinien zrealizowa\u0107 \u017c\u0105danie <strong>niezw\u0142ocznie i nie p\u00f3\u017aniej, ni\u017c w ci\u0105gu 7 dni<\/strong>. Je\u017celi dotrzymanie tego terminu nie jest mo\u017cliwe, podmiot publiczny niezw\u0142ocznie informuje o tym, kiedy realizacja \u017c\u0105dania b\u0119dzie mo\u017cliwa, przy czym termin ten nie mo\u017ce by\u0107 d\u0142u\u017cszy <strong>ni\u017c 2 miesi\u0105ce<\/strong>. Je\u017celi zapewnienie dost\u0119pno\u015bci nie jest mo\u017cliwe, podmiot publiczny mo\u017ce zaproponowa\u0107 alternatywny spos\u00f3b dost\u0119pu do informacji.<\/p>\n\n\n\n<p>W przypadku, gdy podmiot odm\u00f3wi realizacji \u017c\u0105dania zapewnienia dost\u0119pno\u015bci lub alternatywnego dost\u0119pu do informacji, mo\u017cna z\u0142o\u017cy\u0107 skarg\u0119 na takie dzia\u0142anie.<\/p>\n\n\n\n<p>Po wyczerpaniu wszystkich mo\u017cliwo\u015bci skarg\u0119 mo\u017cna przes\u0142a\u0107 tak\u017ce do&nbsp;<a href=\"https:\/\/www.rpo.gov.pl\/content\/jak-zglosic-sie-do-rzecznika-praw-obywatelskich\">Rzecznika Praw Obywatelskich<\/a>.<\/p>\n\n\n\n<p><strong><u>VI Dost\u0119pno\u015b\u0107 architektoniczna<\/u><\/strong><\/p>\n\n\n\n<p><strong>Budynek Gminnego O\u015brodka Pomocy Spo\u0142ecznej w \u0141\u0105cznej znajduje si\u0119 przy ulicy Kamionki 60.<\/strong><\/p>\n\n\n\n<p>Budynek posiada <strong>jedno wej\u015bcie<\/strong> dla interesant\u00f3w\/pracownik\u00f3w. Wej\u015bcie g\u0142\u00f3wne do budynku znajduje si\u0119 od strony parkingu.<br><strong>Wej\u015bcie g\u0142\u00f3wne nie jest dostosowane dla potrzeb os\u00f3b niepe\u0142nosprawnych.<\/strong><\/p>\n\n\n\n<p>Do wn\u0119trza budynku wchodzi si\u0119 przez metalowe drzwi. Przed wej\u015bciem znajduje si\u0119 przycisk (dzwonek) umo\u017cliwiaj\u0105cy wezwanie pracownika.<\/p>\n\n\n\n<p>W budynku brak jest toalety dostosowanej do potrzeb os\u00f3b<br>z niepe\u0142nosprawno\u015bciami. Budynek nie jest wyposa\u017cony w wind\u0119. Na pi\u0119tro budynku prowadz\u0105 schody.<\/p>\n\n\n\n<p>Pokoje nie posiadaj\u0105 prog\u00f3w.<\/p>\n\n\n\n<p>Przy wej\u015bciu znajduje si\u0119 dzwonek umo\u017cliwiaj\u0105cy przywo\u0142anie pracownika kt\u00f3ry udzieli osobie niepe\u0142nosprawnej pomocy w za\u0142atwieniu sprawy urz\u0119dowej przez &nbsp;odpowiedniego pracownika.<\/p>\n\n\n\n<p>W budynku nie ma p\u0119tli indukcyjnych, informacji g\u0142osowych, czy oznacze\u0144 w alfabecie brajla.<\/p>\n\n\n\n<p>Do O\u015brodka mo\u017cna wej\u015b\u0107 z psem asystuj\u0105cym i psem przewodnikiem.<\/p>\n\n\n\n<p>Budynek nie jest wyposa\u017cony w aplikacj\u0119 t\u0142umacza polskiego j\u0119zyka migowego (PJM) online.<\/p>\n\n\n\n<p><strong><u>VII Aplikacje mobilne<\/u><\/strong><\/p>\n\n\n\n<p>Gminny O\u015brodek Pomocy Spo\u0142ecznej w \u0141\u0105cznej nie posiada aplikacji mobilnych.<\/p>\n\n\n\n<p><em>Deklaracja dost\u0119pno\u015bci zosta\u0142a sporz\u0105dzona z wykorzystaniem wzoru okre\u015blonego w za\u0142\u0105czniku do decyzji wykonawczej Komisji (UE)2018\/1523 z dnia 11 pa\u017adziernika 2018 r. ustanawiaj\u0105cej wz\u00f3r o\u015bwiadczenia w sprawie dost\u0119pno\u015bci zgodnie z dyrektyw\u0105 Parlamentu Europejskiego<br>i Rady (UE) 2016\/2102 w sprawie dost\u0119pno\u015bci stron internetowych i mobilnych aplikacji organ\u00f3w sektora publicznego (Dz. Urz. UE L 256 z 12.10.2018 r. str. 103), zwanej dalej \u201edecyzj\u0105 wykonawcz\u0105\u201d 2018\/1523.<\/em><\/p>\n\t\t\t\t\t\t\t\t<\/div>\n\t\t\t\t<\/div>\n\t\t\t\t\t<\/div>\n\t\t<\/div>\n\t\t\t\t\t<\/div>\n\t\t<\/section>\n\t\t\t\t<section class=\"elementor-section elementor-top-section elementor-element elementor-element-f4d3527 elementor-section-boxed elementor-section-height-default elementor-section-height-default\" data-id=\"f4d3527\" data-element_type=\"section\">\n\t\t\t\t\t\t<div class=\"elementor-container elementor-column-gap-default\">\n\t\t\t\t\t<div class=\"elementor-column elementor-col-100 elementor-top-column elementor-element elementor-element-71e48e8\" data-id=\"71e48e8\" data-element_type=\"column\">\n\t\t\t<div class=\"elementor-widget-wrap elementor-element-populated\">\n\t\t\t\t\t\t<div class=\"elementor-element elementor-element-4232f18 elementor-align-center elementor-widget elementor-widget-button\" data-id=\"4232f18\" data-element_type=\"widget\" data-widget_type=\"button.default\">\n\t\t\t\t<div class=\"elementor-widget-container\">\n\t\t\t\t\t\t\t\t\t<div class=\"elementor-button-wrapper\">\n\t\t\t\t\t<a class=\"elementor-button elementor-button-link elementor-size-sm\" href=\"https:\/\/www.uglaczna.bip.doc.pl\/index.php?wiad=136557\">\n\t\t\t\t\t\t<span class=\"elementor-button-content-wrapper\">\n\t\t\t\t\t\t\t\t\t<span class=\"elementor-button-text\">Raport o stanie zapewnienia dost\u0119pno\u015bci <\/span>\n\t\t\t\t\t<\/span>\n\t\t\t\t\t<\/a>\n\t\t\t\t<\/div>\n\t\t\t\t\t\t\t\t<\/div>\n\t\t\t\t<\/div>\n\t\t\t\t\t<\/div>\n\t\t<\/div>\n\t\t\t\t\t<\/div>\n\t\t<\/section>\n\t\t\t\t<\/div>\n\t\t","protected":false},"excerpt":{"rendered":"<p>Deklaracja dost\u0119pno\u015bci cyfrowej Sekcja 1 za\u0142\u0105cznika do decyzji wykonawczej 2018\/1523 I O\u015bwiadczenie w sprawie dost\u0119pno\u015bci Gminny O\u015brodek Pomocy Spo\u0142ecznej w \u0141\u0105cznej ul. Kamionki 60 zobowi\u0105zuje si\u0119 zapewni\u0107 dost\u0119pno\u015b\u0107 strony internetowej zgodnie z ustaw\u0105 z dnia 4 kwietnia 2019 r. o dost\u0119pno\u015bci cyfrowej stron internetowych i aplikacji mobilnych podmiot\u00f3w publicznych. Niniejsze o\u015bwiadczenie w sprawie dost\u0119pno\u015bci ma &hellip; <\/p>\n","protected":false},"author":2,"featured_media":0,"parent":0,"menu_order":0,"comment_status":"closed","ping_status":"closed","template":"","meta":{"footnotes":""},"class_list":["post-105","page","type-page","status-publish","hentry"],"_links":{"self":[{"href":"https:\/\/opslaczna.pl\/index.php?rest_route=\/wp\/v2\/pages\/105","targetHints":{"allow":["GET"]}}],"collection":[{"href":"https:\/\/opslaczna.pl\/index.php?rest_route=\/wp\/v2\/pages"}],"about":[{"href":"https:\/\/opslaczna.pl\/index.php?rest_route=\/wp\/v2\/types\/page"}],"author":[{"embeddable":true,"href":"https:\/\/opslaczna.pl\/index.php?rest_route=\/wp\/v2\/users\/2"}],"replies":[{"embeddable":true,"href":"https:\/\/opslaczna.pl\/index.php?rest_route=%2Fwp%2Fv2%2Fcomments&post=105"}],"version-history":[{"count":4,"href":"https:\/\/opslaczna.pl\/index.php?rest_route=\/wp\/v2\/pages\/105\/revisions"}],"predecessor-version":[{"id":110,"href":"https:\/\/opslaczna.pl\/index.php?rest_route=\/wp\/v2\/pages\/105\/revisions\/110"}],"wp:attachment":[{"href":"https:\/\/opslaczna.pl\/index.php?rest_route=%2Fwp%2Fv2%2Fmedia&parent=105"}],"curies":[{"name":"wp","href":"https:\/\/api.w.org\/{rel}","templated":true}]}}